4344?
4
What is the thousands digit of 5481?
5
What is the thousands digit of 27431?
7
What is the units digit of 54194?
4
What is the tens digit of 53?
5
What is the hundreds digit of 4906?
9
What is the hundreds digit of 79040?
0
What is the units digit of 2417?
7
What is the hundreds digit of 391?
3
What is the units digit of 6485?
5
What is the thousands digit of 2286?
2
What is the tens digit of 2018?
1
What is the hundreds digit of 37538?
5
What is the thousands digit of 21889?
1
What is the tens digit of 2477?
7
What is the ten thousands digit of 105869?
0
What is the units digit of 110784?
4
What is the tens digit of 25414?
1
What is the hundreds digit of 903?
9
What is the hundreds digit of 69512?
5
What is the hundreds digit of 1247?
2
What is the hundreds digit of 5011?
0
What is the hundreds digit of 2233?
2
What is the thousands digit of 47860?
7
What is the hundreds digit of 1274?
2
What is the tens digit of 928?
2
What is the tens digit of 2714?
1
What is the thousands digit of 9125?
9
What is the hundreds digit of 3304?
3
What is the thousands digit of 39180?
9
What is the units digit of 1829?
9
What is the hundreds digit of 6839?
8
What is the tens digit of 3847?
4
What is the tens digit of 8675?
7
What is the tens digit of 3865?
6
What is the thousands digit of 2709?
2
What is the hundreds digit of 2375?
3
What is the tens digit of 5999?
9
What is the thousands digit of 1542?
1
What is the units digit of 3570?
0
What is the units digit of 1040?
0
What is the ten thousands digit of 19710?
1
What is the thousands digit of 39098?
9
What is the hundreds digit of 1159?
1
What is the units digit of 1665?
5
What is the ten thousands digit of 23125?
2
What is the tens digit of 676?
7
What is the hundreds digit of 43081?
0
What is the ten thousands digit of 70491?
7
What is the tens digit of 13507?
0
What is the thousands digit of 26033?
6
What is the thousands digit of 3833?
3
What is the hundreds digit of 1875?
8
What is the hundreds digit of 1434?
4
What is the tens digit of 31415?
1
What is the thousands digit of 25273?
5
What is the hundred thousands digit of 169892?
1
What is the units digit of 5377?
7
What is the units digit of 4374?
4
What is the tens digit of 7426?
2
What is the hundreds digit of 15349?
3
What is the tens digit of 504?
0
What is the units digit of 709?
9
What is the units digit of 97429?
9
What is the tens digit of 13206?
0
What is the units digit of 4543?
3
What is the tens digit of 934?
3
What is the tens digit of 459?
5
What is the hundreds digit of 5802?
8
What is the tens digit of 554?
5
What is the hundreds digit of 2362?
3
What is the units digit of 3810?
0
What is the thousands digit of 2105?
2
What is the tens digit of 913?
1
What is the tens digit of 758?
5
What is the units digit of 16474?
4
What is the hundreds digit of 131?
1
What is the hundreds digit of 111132?
1
What is the thousands digit of 1279?
1
What is the hundreds digit of 14607?
6
What is the hundreds digit of 580?
5
What is the hundreds digit of 49395?
3
What is the hundreds digit of 9349?
3
What is the units digit of 17231?
1
What is the hundreds digit of 13750?
7
What is the units digit of 254?
4
What is the thousands digit of 16741?
6
What is the hundreds digit of 1403?
4
What is the tens digit of 3095?
9
What is the tens digit of 9692?
9
What is the hundreds digit of 5679?
6
What is the units digit of 1361?
1
What is the ten thousands digit of 72155?
7
What is the thousands digit of 1831?
1
What is the ten thousands digit of 42876?
4
What is the units digit of 1927?
7
What is the units digit of 1783?
3
What is the hundreds digit of 26341?
3
What is the hundreds digit of 475?
4
What is the ten thousands digit of 11145?
1
What is the thousands digit of 14117?
4
What is the tens digit of 23193?
9
What is the units digit of 5283?
3
What is the units digit of 257?
7
What is the hundreds digit of 4111?
1
What is the units digit of 5852?
2
What is the hundreds digit of 198?
1
What is the tens digit of 130215?
1
What is the units digit of 4492?
2
What is the units digit of 11072?
2
What is the hundreds digit of 5012?
0
What is the hundreds digit of 3581?
5
What is the hundreds digit of 211?
2
What is the hundreds digit of 4206?
2
What is the tens digit of 10639?
3
What is the hundreds digit of 5186?
1
What is the hundreds digit of 57699?
6
What is the hundreds digit of 25645?
6
What is the units digit of 1400?
0
What is the units digit of 2169?
9
What is the tens digit of 1899?
9
What is the hundreds digit of 457?
4
What is the tens digit of 454?
5
What is the ten thousands digit of 47365?
4
What is the tens digit of 469?
6
What is the thousands digit of 158757?
8
What is the tens digit of 1024?
2
What is the tens digit of 135?
3
What is the thousands digit of 59795?
9
What is the units digit of 13?
3
What is the tens digit of 102437?
3
What is the units digit of 309?
9
What is the hundreds digit of 627?
6
What is the ten thousands digit of 19252?
1
What is the tens digit of 7556?
5
What is the tens digit of 703?
0
What is the units digit of 2678?
8
What is the hundreds digit of 35650?
6
What is the hundreds digit of 3929?
9
What is the hundreds digit of 1920?
9
What is the hundreds digit of 65679?
6
What is the tens digit of 136060?
6
What is the thousands digit of 6089?
6
What is the units digit of 5562?
2
What is the hundreds digit of 8571?
5
What is the hundreds digit of 78329?
3
What is the thousands digit of 27735?
7
What is the ten thousands digit of 21344?
2
What is the thousands digit of 14773?
4
What is the units digit of 39580?
0
What is the tens digit of 1390?
9
What is the tens digit of 7902?
0
What is the thousands digit of 161085?
1
What is the ten thousands digit of 107924?
0
What is the units digit of 1092?
2
What is the hundreds digit of 645?
6
What is the units digit of 460?
0
What is the tens digit of 8559?
5
What is the units digit of 1433?
3
What is the hundreds digit of 1536?
5
What is the ten thousands digit of 19296?
1
What is the units digit of 6208?
8
What is the hundreds digit of 2370?
3
What is the thousands digit of 16510?
6
What is the units digit of 1700?
0
What is the units digit of 1859?
9
What is the hundreds digit of 96707?
7
What is the hundreds digit of 13359?
3
What is the tens digit of 528?
2
What is the tens digit of 1196?
9
What is the tens digit of 686?
8
What is the hundreds digit of 812?
8
What is the thousands digit of 47684?
7
What is the thousands digit of 2695?
2
What is the tens digit of 575?
7
What is the tens digit of 40994?
9
What is the units digit of 461?
1
What is the units digit of 4870?
0
What is the units digit of 355?
5
What is the tens digit of 30852?
5
What is the units digit of 35050?
0
What is the thousands digit of 37171?
7
What is the hundreds digit of 5797?
7
What is the ten thousands digit of 17160?
1
What is the hundreds digit of 8269?
2
What is the thousands digit of 1321?
1
What is the thousands digit of 7186?
7
What is the tens digit of 98381?
8
What is the units digit of 34297?
7
What is the tens digit of 2560?
6
What is the tens digit of 9232?
3
What is the tens digit of 367?
6
What is the units digit of 23108?
8
What is the units digit of 66?
6
What is the units digit of 869?
9
What is the units digit of 893?
3
What is the hundreds digit of 445?
4
What is the units digit of 6867?
7
What is the ten thousands digit of 145137?
4
What is the units digit of 2587?
7
What is the tens digit of 9109?
0
What is the hundreds digit of 411?
4
What is the hundreds digit of 889?
8
What is the tens digit of 88184?
8
What is the hundreds digit of 277?
2
What is the thousands digit of 22241?
2
What is the ten thousands digit of 11054?
1
What is the ten thousands digit of 37566?
3
What is the hundreds digit of 2196?
1
What is the tens digit of 1195?
9
What is the hundreds digit of 760?
7
What is the hundred thousands digit of 140250?
1
What is the tens digit of 61074?
7
What is the hundreds digit of 5697?
6
What is the hundreds digit of 134?
1
What is the tens digit of 8028?
2
What is the hundreds digit of 880?
8
What is the units digit of 1516?
6
What is the tens digit of 3559?
5
What is the units digit of 6605?
5
What is the units digit of 1947?
7
What is the hundreds digit of